{"id":2,"date":"2019-10-25T11:05:32","date_gmt":"2019-10-25T09:05:32","guid":{"rendered":"http:\/\/nueva.semillasjadiberica.com\/?page_id=2"},"modified":"2019-10-27T17:54:05","modified_gmt":"2019-10-27T16:54:05","slug":"home","status":"publish","type":"page","link":"https:\/\/www.semillasjadiberica.com\/","title":{"rendered":"En Renovaci\u00f3n.."},"content":{"rendered":"\t\t<div data-elementor-type=\"wp-page\" data-elementor-id=\"2\" class=\"elementor elementor-2\" data-elementor-settings=\"[]\">\n\t\t\t\t\t\t<div class=\"elementor-inner\">\n\t\t\t\t\t\t\t<div class=\"elementor-section-wrap\">\n\t\t\t\t\t\t\t<section class=\"elementor-section elementor-top-section elementor-element elementor-element-d199f62 elementor-section-boxed elementor-section-height-default elementor-section-height-default\" data-id=\"d199f62\" data-element_type=\"section\">\n\t\t\t\t\t\t<div class=\"elementor-container elementor-column-gap-default\">\n\t\t\t\t\t\t\t<div class=\"elementor-row\">\n\t\t\t\t\t<div class=\"elementor-column elementor-col-100 elementor-top-column elementor-element elementor-element-26fe501\" data-id=\"26fe501\" data-element_type=\"column\">\n\t\t\t<div class=\"elementor-column-wrap elementor-element-populated\">\n\t\t\t\t\t\t\t<div class=\"elementor-widget-wrap\">\n\t\t\t\t\t\t<div class=\"elementor-element elementor-element-3e886f9 elementor-widget elementor-widget-heading\" data-id=\"3e886f9\" data-element_type=\"widget\" data-widget_type=\"heading.default\">\n\t\t\t\t<div class=\"elementor-widget-container\">\n\t\t\t<h1 class=\"elementor-heading-title elementor-size-default\">Sitio web en renovaci\u00f3n...<\/h1>\t\t<\/div>\n\t\t\t\t<\/div>\n\t\t\t\t\t\t<\/div>\n\t\t\t\t\t<\/div>\n\t\t<\/div>\n\t\t\t\t\t\t\t\t<\/div>\n\t\t\t\t\t<\/div>\n\t\t<\/section>\n\t\t\t\t<section class=\"elementor-section elementor-top-section elementor-element elementor-element-67c4deca elementor-section-boxed elementor-section-height-default elementor-section-height-default\" data-id=\"67c4deca\" data-element_type=\"section\">\n\t\t\t\t\t\t<div class=\"elementor-container elementor-column-gap-default\">\n\t\t\t\t\t\t\t<div class=\"elementor-row\">\n\t\t\t\t\t<div class=\"elementor-column elementor-col-100 elementor-top-column elementor-element elementor-element-6dd9f622\" data-id=\"6dd9f622\" data-element_type=\"column\">\n\t\t\t<div class=\"elementor-column-wrap elementor-element-populated\">\n\t\t\t\t\t\t\t<div class=\"elementor-widget-wrap\">\n\t\t\t\t\t\t<div class=\"elementor-element elementor-element-1c4f8b06 elementor-widget elementor-widget-text-editor\" data-id=\"1c4f8b06\" data-element_type=\"widget\" data-widget_type=\"text-editor.default\">\n\t\t\t\t<div class=\"elementor-widget-container\">\n\t\t\t\t\t<div class=\"elementor-text-editor elementor-clearfix\"><p><img class=\"aligncenter\" src=\"http:\/\/www.semillasjadiberica.com\/wp-content\/uploads\/2019\/10\/logo_png_vect.png\" \/><\/p><p style=\"text-align: center;\">SEMILLAS JAD IBERICA, S.A. se se fund\u00f3 en 1974.<\/p><p style=\"text-align: center;\">Su fundador, Antonio de Llano Zambrano, junto con un grupo de personas procedentes del sector industrial, comenzaron su andadura para traer materia de primera calidad a los campos, y as\u00ed obtener alimentos de excepci\u00f3n para el mercado fresco y el sector industrial.<\/p><p style=\"text-align: center;\">Somos productores de semillas hort\u00edcolas. Comercializadores de semillas hort\u00edcolas tanto a escala peque\u00f1a o huerta recreativa como para grandes extensiones de cultivo. Suministramos semillas y praderas de forrajes y c\u00e9spedes. Comercializamos productos y art\u00edculos de jardiner\u00eda para el publico general. Y somos distribuidores oficiales en Espa\u00f1a de la multinacional UNITED GENETICS SEED COMPANY. desde su creaci\u00f3n en el a\u00f1o 1990 en EEUU.<\/p><p style=\"text-align: center;\"><strong>Informaci\u00f3n de contacto: <\/strong>contacto@semillasjadiberica.com<\/p><\/div>\n\t\t\t\t<\/div>\n\t\t\t\t<\/div>\n\t\t\t\t\t\t<\/div>\n\t\t\t\t\t<\/div>\n\t\t<\/div>\n\t\t\t\t\t\t\t\t<\/div>\n\t\t\t\t\t<\/div>\n\t\t<\/section>\n\t\t\t\t<section class=\"elementor-section elementor-top-section elementor-element elementor-element-7491049 elementor-section-boxed elementor-section-height-default elementor-section-height-default\" data-id=\"7491049\" data-element_type=\"section\">\n\t\t\t\t\t\t<div class=\"elementor-container elementor-column-gap-default\">\n\t\t\t\t\t\t\t<div class=\"elementor-row\">\n\t\t\t\t\t<div class=\"elementor-column elementor-col-50 elementor-top-column elementor-element elementor-element-e86d3f5\" data-id=\"e86d3f5\" data-element_type=\"column\">\n\t\t\t<div class=\"elementor-column-wrap elementor-element-populated\">\n\t\t\t\t\t\t\t<div class=\"elementor-widget-wrap\">\n\t\t\t\t\t\t<div class=\"elementor-element elementor-element-ecad9e9 elementor-widget elementor-widget-text-editor\" data-id=\"ecad9e9\" data-element_type=\"widget\" data-widget_type=\"text-editor.default\">\n\t\t\t\t<div class=\"elementor-widget-container\">\n\t\t\t\t\t<div class=\"elementor-text-editor elementor-clearfix\"><h4 style=\"text-align: center;\">Professionales<\/h4><p><img loading=\"lazy\" class=\"aligncenter\" src=\"http:\/\/www.semillasjadiberica.com\/wp-content\/uploads\/2019\/10\/2019_logo_UNIGEN-SEED.jpg\" width=\"300\" height=\"66\" \/><\/p><p style=\"text-align: center;\">Distribuidores de la multinacional UNITED GENETICS SEED COMPANY para el mercado profesional de producto de huerta fresco y para la industria transformadora de alimentos procedentes de la agricultura. Tambi\u00e9n para el mercado ecol\u00f3gico certificado.<\/p><\/div>\n\t\t\t\t<\/div>\n\t\t\t\t<\/div>\n\t\t\t\t\t\t<\/div>\n\t\t\t\t\t<\/div>\n\t\t<\/div>\n\t\t\t\t<div class=\"elementor-column elementor-col-50 elementor-top-column elementor-element elementor-element-d5db44a\" data-id=\"d5db44a\" data-element_type=\"column\">\n\t\t\t<div class=\"elementor-column-wrap elementor-element-populated\">\n\t\t\t\t\t\t\t<div class=\"elementor-widget-wrap\">\n\t\t\t\t\t\t<div class=\"elementor-element elementor-element-304d815 elementor-widget elementor-widget-text-editor\" data-id=\"304d815\" data-element_type=\"widget\" data-widget_type=\"text-editor.default\">\n\t\t\t\t<div class=\"elementor-widget-container\">\n\t\t\t\t\t<div class=\"elementor-text-editor elementor-clearfix\"><h4 style=\"text-align: center;\">Venta en Tienda<\/h4>\n<p style=\"text-align: center;\"><img loading=\"lazy\" class=\"aligncenter\" style=\"text-align: left;\" src=\"http:\/\/www.semillasjadiberica.com\/wp-content\/uploads\/2019\/10\/logo_png_vect.png\" width=\"67\" height=\"68\" \/><\/p>\n<p style=\"text-align: center;\">Venta de semillas en tienda en Badajoz es de paqueter\u00eda desde peque\u00f1a a grande de todas las hort\u00edcolas que se pueden sembrar: desde la acelga a la zanahoria por orden alfab\u00e9tico; y por mensajer\u00eda a toda Espa\u00f1a. Tambi\u00e9n abarcamos el mercado ecol\u00f3gico.<\/p><\/div>\n\t\t\t\t<\/div>\n\t\t\t\t<\/div>\n\t\t\t\t\t\t<\/div>\n\t\t\t\t\t<\/div>\n\t\t<\/div>\n\t\t\t\t\t\t\t\t<\/div>\n\t\t\t\t\t<\/div>\n\t\t<\/section>\n\t\t\t\t\t\t<\/div>\n\t\t\t\t\t\t<\/div>\n\t\t\t\t\t<\/div>\n\t\t<div class=\"sharing-default-minimal post-bottom\"><div class=\"nectar-social default\" data-position=\"\" data-rm-love=\"0\" data-color-override=\"override\"><div class=\"nectar-social-inner\"><a href=\"#\" class=\"nectar-love\" id=\"nectar-love-2\" title=\"Love this\"> <i class=\"icon-salient-heart-2\"><\/i><span class=\"love-text\">Love<\/span><span class=\"total_loves\"><span class=\"nectar-love-count\">0<\/span><\/span><\/a><a class='facebook-share nectar-sharing' href='#' title='Share this'> <i class='fa fa-facebook'><\/i> <span class='social-text'>Share<\/span> <\/a><a class='twitter-share nectar-sharing' href='#' title='Tweet this'> <i class='fa fa-twitter'><\/i> <span class='social-text'>Tweet<\/span> <\/a><a class='linkedin-share nectar-sharing' href='#' title='Share this'> <i class='fa fa-linkedin'><\/i> <span class='social-text'>Share<\/span> <\/a><a class='pinterest-share nectar-sharing' href='#' title='Pin this'> <i class='fa fa-pinterest'><\/i> <span class='social-text'>Pin<\/span> <\/a><\/div><\/div><\/div>","protected":false},"excerpt":{"rendered":"<p>Sitio web en renovaci\u00f3n&#8230; SEMILLAS JAD IBERICA, S.A. se se fund\u00f3 en 1974. Su fundador, Antonio de Llano Zambrano, junto con un grupo de personas procedentes del sector industrial, comenzaron su andadura para traer materia de primera calidad a los campos, y as\u00ed obtener alimentos de excepci\u00f3n para el mercado fresco y el sector industrial. [&hellip;]<\/p>\n","protected":false},"author":1,"featured_media":0,"parent":0,"menu_order":0,"comment_status":"closed","ping_status":"open","template":"elementor_canvas","meta":[],"_links":{"self":[{"href":"https:\/\/www.semillasjadiberica.com\/index.php\/wp-json\/wp\/v2\/pages\/2"}],"collection":[{"href":"https:\/\/www.semillasjadiberica.com\/index.php\/wp-json\/wp\/v2\/pages"}],"about":[{"href":"https:\/\/www.semillasjadiberica.com\/index.php\/wp-json\/wp\/v2\/types\/page"}],"author":[{"embeddable":true,"href":"https:\/\/www.semillasjadiberica.com\/index.php\/wp-json\/wp\/v2\/users\/1"}],"replies":[{"embeddable":true,"href":"https:\/\/www.semillasjadiberica.com\/index.php\/wp-json\/wp\/v2\/comments?post=2"}],"version-history":[{"count":16,"href":"https:\/\/www.semillasjadiberica.com\/index.php\/wp-json\/wp\/v2\/pages\/2\/revisions"}],"predecessor-version":[{"id":29,"href":"https:\/\/www.semillasjadiberica.com\/index.php\/wp-json\/wp\/v2\/pages\/2\/revisions\/29"}],"wp:attachment":[{"href":"https:\/\/www.semillasjadiberica.com\/index.php\/wp-json\/wp\/v2\/media?parent=2"}],"curies":[{"name":"wp","href":"https:\/\/api.w.org\/{rel}","templated":true}]}}